?
-276a
In base 4, what is -21 - -223020033?
223020012
In base 16, what is -3fcf08 + -1?
-3fcf09
In base 5, what is -10340044 - 43?
-10340142
In base 14, what is 119 - -57?
172
In base 15, what is -8e13 + -2?
-8e15
In base 9, what is -5325 + 8?
-5316
In base 15, what is 2 + 853?
855
In base 5, what is -40432 + -10?
-40442
In base 13, what is 30 - -10a1?
1101
In base 11, what is 19 - -17154?
17172
In base 9, what is 11868 - 258?
11610
In base 12, what is 3197 + 96?
3271
In base 9, what is 5 + -180571?
-180565
In base 6, what is -5220514 + -3?
-5220521
In base 5, what is -10 + 14110411?
14110401
In base 12, what is -5 + 400835?
400830
In base 4, what is 130100303 + 0?
130100303
In base 7, what is 20 - -112651?
113001
In base 9, what is 22 - 1755?
-1733
In base 15, what is -5b - -3182?
3126
In base 10, what is 149 - 105?
44
In base 16, what is -11b66 - -19?
-11b4d
In base 13, what is 1451 - -13?
1464
In base 13, what is -57258 + 20?
-57238
In base 5, what is 1 - 200201?
-200200
In base 11, what is -136 + 413?
288
In base 5, what is 101121 + -31?
101040
In base 10, what is -7866 - -71?
-7795
In base 9, what is -7356 - 61?
-7427
In base 14, what is 19a7 + -27?
1980
In base 8, what is 247054 + -15?
247037
In base 13, what is 3 + -421aa?
-421a7
In base 10, what is -1781 + -2563?
-4344
In base 16, what is -2586c - -f?
-2585d
In base 13, what is 8675 - -23?
8698
In base 15, what is 2 - 7a1d?
-7a1b
In base 2, what is 110011000010101011100 + 100?
110011000010101100000
In base 3, what is 2 + -110020102?
-110020100
In base 8, what is -575761 + -3?
-575764
In base 2, what is 1000 + -10011000101?
-10010111101
In base 4, what is 1310 + 1310?
3220
In base 11, what is -16271 - -2?
-1626a
In base 6, what is 35430 - 34?
35352
In base 5, what is 3224 - -1331?
10110
In base 14, what is -38023 + 25?
-37ddc
In base 8, what is 35 - -6263?
6320
In base 3, what is 21 - -1210000?
1210021
In base 11, what is 2a3a + 4a?
2a89
In base 2, what is 1 + -111110101000011010?
-111110101000011001
In base 9, what is 5 - 145?
-140
In base 15, what is -73 - -159?
d6
In base 15, what is 1b - 5104d?
-51032
In base 7, what is 2 + 1103650?
1103652
In base 9, what is 1 - -1872?
1873
In base 5, what is -41113220 + 10?
-41113210
In base 13, what is 0 - 6c2a?
-6c2a
In base 6, what is -1015211421 - 0?
-1015211421
In base 12, what is -2ab1 - a?
-2abb
In base 13, what is -4 + -34a0?
-34a4
In base 6, what is -3055404 + -2?
-3055410
In base 10, what is -651 + 2?
-649
In base 7, what is -100 + 1054132?
1054032
In base 6, what is 5325435 - -25?
5325504
In base 14, what is 8 - 67905?
-678db
In base 14, what is 3108b - -4?
31091
In base 2, what is 10001000 - -111?
10001111
In base 16, what is e + 247e?
248c
In base 8, what is -4 + -112020?
-112024
In base 3, what is 110221120 + 1120?
111000010
In base 7, what is -3 + 32446?
32443
In base 12, what is -588 + 109?
-47b
In base 4, what is 2 + 30031220?
30031222
In base 11, what is 2943 - -355?
3198
In base 11, what is -7 + 12a07?
12a00
In base 13, what is 20b320 - -3?
20b323
In base 15, what is -11 - -1772e?
1771d
In base 14, what is 18bd - -58?
1937
In base 4, what is -12321 + 2221?
-10100
In base 14, what is 105d69 - 2?
105d67
In base 8, what is -105 - -3146?
3041
In base 14, what is 3335c - -29?
33387
In base 12, what is 160 - -661?
801
In base 14, what is -29 - -1590?
1565
In base 10, what is -163658 + 3?
-163655
In base 6, what is -3 + 1423224?
1423221
In base 5, what is 14344 + 32?
14431
In base 12, what is -33911 + 4?
-33909
In base 5, what is -41 + 13?
-23
In base 7, what is 2 - 533420?
-533415
In base 10, what is -6 + 8904?
8898
In base 4, what is -2201020 - 2?
-2201022
In base 2, what is -100001011101001010001001 + -1?
-100001011101001010001010
In base 12, what is -4 - -138262?
13825a
In base 8, what is 104 + 455?
561
In base 15, what is 0 + 1eb0?
1eb0
In base 5, what is 4 + 11400340?
11400344
In base 11, what is 124360 - -2?
124362
In base 4, what is -1032100203 - 11?
-1032100220
In base 10, what is -160 + 468?
308
In base 9, what is 2823684 - -1?
2823685
In base 4, what is 110203 + 22322?
133131
In base 14, what is -175a + -12c?
-1888
In base 13, what is -384 - -63?
-321
In base 9, what is -725438 - -3?
-725435
In base 8, what is 15 + 461442?
461457
In base 7, what is 202 + -110316?
-110114
In base 7, what is -100130 + -22?
-100152
In base 9, what is 70273 - -7?
70281
In base 4, what is -2 + 11013031231?
11013031223
In base 13, what is -c535 - -b?
-c527
In base 2, what is 1101101001011 + -11?
1101101001000
In base 13, what is 109c7 - -6?
10a00
In base 9, what is 3371850 + 0?
3371850
In base 16, what is d1 + -7ed?
-71c
In base 7, what is -312 + -63531?
-64143
In base 15, what is -32 + 2e2?
2b0
In base 11, what is 1 - -202199?
20219a
In base 14, what is -1366cc - -1?
-1366cb
In base 4, what is -13220 + 1102102?
1022222
In base 10, what is -11737 - -106?
-11631
In base 16, what is 5 + -249c3?
-249be
In base 11, what is -8 - 23679?
-23686
In base 3, what is 10 + -1012000002?
-1011222222
In base 15, what is -3 + d25a6?
d25a3
In base 10, what is 5 + 23673?
23678
In base 15, what is 35c - -1724?
1a81
In base 4, what is -12 - -110323022?
110323010
In base 4, what is -33 + -102?
-201
In base 12, what is -177 - 3b9?
-574
In base 3, what is 1002110022211 + 2?
1002110022220
In base 6, what is 50252 + 11?
50303
In base 10, what is -7 - -3123?
3116
In base 13, what is -1 - -72cac?
72cab
In base 4, what is 130132 + 2110?
132302
In base 9, what is 308283 + 1?
308284
In base 16, what is -1389 - -151?
-1238
In base 10, what is 27 + 17120?
17147
In base 5, what is 1001142 + -1203?
444434
In base 8, what is 1011 + -370?
421
In base 6, what is -5250554 + -1?
-5250555
In base 5, what is -1240320023 + -10?
-1240320033
In base 6, what is -1144 - -110?
-1034
In base 15, what is -25 - 1220?
-1245
In base 5, what is 10 - -133421?
133431
In base 13, what is 75 - -1644?
16b9
In base 10, what is -4618 - -94?
-4524
In base 9, what is -4 + -601258?
-601263
In base 3, what is 2221211 + 100?
2222011
In base 2, what is 11 + 110100001000010001110?
110100001000010010001
In base 14, what is -2 - 1b219?
-1b21b
In base 14, what is 142 + -4a4?
-362
In base 14, what is -83 + -3a9?
-44c
In base 3, what is 1020200021021 + -11?
1020200021010
In base 14, what is 152d7 + -52?
15285
In base 16, what is -7 - -ed069?
ed062
In base 9, what is -312681 - 1?
-312682
In base 11, what is -8561 - 17?
-8578
In base 3, what is -1012110 - -1011?
-1011022
In base 2, what is -10100110 - -1011000111110?
1010110011000
In base 6, what is -4012045 + 5?
-4012040
In base 8, what is -10334 - -422?
-7712
In base 7, what is 2253 + 3?
2256
In base 5, what is 30 + 1420044?
1420124
In base 7, what is -103 - -12056?
11653
In base 8, what is -3 + 23022?
23017
In base 16, what is 3 - 61db?
-61d8
In base 8, what is 20 + 31313?
31333
In base 11, what is 1970a - -1?
19710
In base 16, what is -4a8 - -14b?
-35d
In base 2, what is -11110110 + -1101011110100?
-1101111101010
In base 10, what is 2 - 5062?
-5060
In base 3, what is 21212121 + 120012?
22102210
In base 14, what is -5 - 54699?
-546a0
In base 8, what is -425723 + 5?
-425716
In base 11, what is 42811 - 43?
42779
In base 7, what is 64 - 1651?
-1554
In base 9, what is 26 + 7663?
7700
In base 12, what is -b20a - 3?
-b211
In base 8, what is 2 + 3727?
3731
In base 2, what is -10010101101111 - 101?
-10010101110100
In base 16, what is 3 + c944?
c947
In base 12, what is 279 - -210a?
2387
In base 7, what is 5 + -422115?
-422110
In base 15, what is 4b9e - 18?
4b86
In base 15, what is d - b63?
-b55
In base 14, what is 3b6ad8 + -1?
3b6ad7
In base 9, what is -11 - 7303?
-7314
In base 11, what is -43a + -86?
-515
In base 7, what is -260 - 6?
-266
In base 4, what is 10 - -12033103?
12033113
In base 9, what is 28 - -3346?
3375
In base 9, what is -2 - -33187?
33185
In base 13, what is 1b98b - -4?
1b992
In base 4, what is 13001210121 + -3?
13001210112
In base 11, what is 60 - 28256?
-281a6
In base 2, what is -1100010110 - 1110?
-1100100100
In base 4, what is -1232233 - -10?
-1232223
In base 4, what is 1 - 103110310?
-103110303
In base 6, what is -113543100 + 1?
-113543055
In base 3, what is -11 + -1112120?
-1112201
In base 2, what is 10 - -10011111?
10100001
In base 13, what is 68